a) = -a**2 + a + 5. Let q be s(0). Give z(q).
-11
Let v(x) = -x + 3. Suppose 3*k - 1 = 5. Suppose -2*u + a = 16, 6*a - a - 32 = k*u. Give v(u).
9
Let h(d) = 12*d**3 - 2*d**2 + 1. Suppose -8 + 4 = -2*t. Suppose -5*s + 13 = -t*x, x - 2*s = -x - 4. Determine h(x).
11
Suppose -2*o - 2*p + 10 = p, 0 = 5*o - 2*p - 25. Let c(l) be the first derivative of -l**4/4 + 5*l**3/3 + 2*l - 2. Give c(o).
2
Let x be (-60)/50*(-40)/6. Suppose -9*p - x = -11*p. Let o(l) = -3*l**3 + 3 + 4*l - 5*l**2 - 10*l + p*l**3. Calculate o(6).
3
Let f = -58 + 58. Let s be (2 - 3) + f + 0 + -1. Let q(z) = z**3 + 2. Give q(s).
-6
Let k be (8 - 2)/((-30)/(-10)). Let q(r) = 7 - 45*r**3 + 44*r**3 - 7*r**k + 3*r + r**2. Give q(-6).
-11
Let k(v) be the second derivative of 1/12*v**4 - 3*v + 3/2*v**2 + v**3 + 0. Give k(-4).
-5
Let m(b) = -b**3 + 7*b**2 - 5*b + 5. Let i(p) = 2 - 1 - 189*p + 188*p + 1. Suppose 25 = -4*x + 3*k, 0*k + 31 = -4*x + 5*k. Let f be i(x). Calculate m(f).
11
Suppose 5*m = 2*i + 33, 14 + 15 = 5*m - i. Let t(y) = -4*y + 9 - 1 - 5 + 2*y**2 + y**3 - 6*y**2. Determine t(m).
8
Let g(l) = l**3 - 5*l**2 + 3*l - 4. Let c = -25 - -35. Suppose s + s = c. Suppose s = 2*d - 3. What is g(d)?
-8
Let c(j) be the second derivative of 1/20*j**5 + 1/4*j**4 - 1/3*j**3 + 5/2*j**2 - 13*j + 0. Determine c(-4).
-3
Let c(v) = 2 - v + 6 - 35 + 9 + 7. Give c(-16).
5
Let y be 11*-1 + 3 + -10 + 11. Let n(h) = h**3 + 8*h**2 + 8*h + 10. Give n(y).
3
Suppose 0 = 12*n - 30*n + 17*n. Let w(j) be the third derivative of n - 7*j**2 + 0*j + 1/3*j**3 - 1/24*j**4. What is w(5)?
-3
Let i(y) = 9*y**2 - y + 6. Let w(m) = 5*m**2 + 3. Let q(o) = -6*i(o) + 11*w(o). What is q(-6)?
-3
Let l(n) be the second derivative of -n**4/12 + n**3/2 - n**2 + 2*n. Suppose -5*m + 28 + 14 = -3*i, -3*i - 5*m - 12 = 0. Let s be 6/(-5)*3/i*10. Give l(s).
-6
Suppose -2*y = -4*y + 6, -12 = -b - 4*y. Let k(t) = -54*t - 12 - 65*t + 118*t. Give k(b).
-12
Let a(c) be the third derivative of c**5/30 - c**4/12 - c**3/3 - 46*c**2. Let y = -2 - 0. Give a(y).
10
Let o be -38 - (6 - (-1 - -4)). Let v = -42 - o. Let g(j) = 2*j**2 - j - 1. Calculate g(v).
2
Let i(w) = 3*w**2 - 21*w + 25. Let v be i(6). Let g(y) = y**3 - 6*y**2 - 2*y - 8. Calculate g(v).
27
Let h(d) be the second derivative of -d**5/20 + d**4/2 + d**3/3 - 15*d**2/2 - d - 260. Determine h(6).
-3
Let a be (-4)/(23 - -1)*-24. Let p(z) be the first derivative of -5*z + 1/2*z**2 + a. Calculate p(5).
0
Let i(u) = -u**3 + 6*u**2 - 5*u - 2. Suppose -59 - 1 = 5*m. Let h(k) = -k**3 - 12*k**2 - 2*k. Let p be h(m). Let z be (-8)/p*24/(-2). Calculate i(z).
10
Let h(i) be the second derivative of -2/3*i**4 + 0 - 5*i + 0*i**3 + 1/2*i**2. Calculate h(-1).
-7
Let b(n) = n**2 + 12*n + 33. Let r be b(-6). Let p be (-3 + -17)*(1 + r/6). Let u(a) = a**3 + 10*a**2 + a + 12. Determine u(p).
2
Let z(a) = a**2 + a + 9. Let k = -42 + 20. Let w = 183 + -205. Let l = k - w. Calculate z(l).
9
Let g(w) = w + 3. Suppose 38*l - 10*l - 56 = 0. What is g(l)?
5
Let a(r) be the second derivative of r**4/12 - r**3/2 - 7*r**2/2 + 84*r. Calculate a(6).
11
Let r(k) = k**2 + 4*k - 3. Let o be 0/(342/76*(-2)/3). What is r(o)?
-3
Let j be 2/4 + 13/(-2). Let x(w) = -6*w + 7. Let u(d) = 1 - 7 + 5 + 3*d - 2*d. Let o(z) = -4*u(z) - x(z). Determine o(j).
-15
Let m(y) = -y**3 + 6*y**2 + 10*y - 1. Let q = 97 + -90. Calculate m(q).
20
Let j(m) be the first derivative of m**4/4 - 2*m**3/3 - 11*m**2/2 + 9*m + 138. Calculate j(4).
-3
Let t(h) = 2 + 90*h + 48*h - 137*h. Suppose -4 = g - 2*s - 1, 4*g + 4*s = 48. Give t(g).
9
Suppose 2*a = 3 + 11. Let m(g) = -5*g**2 + 5*g - 5. Let d(y) = 3*y**2 - 3*y + 3. Let q(r) = a*d(r) + 4*m(r). Let h(p) = -p - 7. Let v be h(-9). What is q(v)?
3
Let v be 671/(-66) - (-1)/6. Let n(g) = -g**3 - 10*g**2 - 3. Let z be n(v). Let x(m) = -m**2 - 2*m - 4. Determine x(z).
-7
Let f(w) be the third derivative of w**5/60 - w**4/12 - 5*w**3/3 + 132*w**2. Calculate f(4).
-2
Let w(b) = 2*b - 34. Let u be w(0). Let t = -26 - u. Let x(n) = t + 6*n - 8*n + 0*n. Determine x(6).
-4
Let c(b) = b**2 - 5*b - 12. Let w be c(7). Suppose w*f - 3*p + 0 = -11, 5*f - 4*p + 10 = 0. Let i(s) = 7*s + f - 3*s - 3*s - 2*s. Calculate i(6).
-4
Let v(n) be the third derivative of n**5/60 + 7*n**4/24 + n**3/2 + 24*n**2 - 2. Give v(-7).
3
Let b(z) = z**3 + z**2 + z - 1. Let u be b(1). Let m(v) = -v**u + 2 + v - 2. Let o be 18/14 + 2/(-7). Give m(o).
0
Let q(s) = 0*s - s**2 - s + 136 + s**3 - 133. Let t = 4 + -11. Let n = -7 - t. Calculate q(n).
3
Let y(m) be the third derivative of -m**6/120 + m**5/12 - m**4/12 + m**3/2 - 34*m**2. What is y(5)?
-7
Let n(g) = -5*g**3 + 9*g**2 + g + 9. Let o(p) = 0*p + 8*p**3 + 0*p - 8*p**2 - 8 - 4*p**3. Let t(x) = -5*n(x) - 6*o(x). Calculate t(-4).
7
Suppose -3*g - k + 11 = 0, -g + k + 5 = 2*k. Let u(o) = -2 - 2 + 3*o**2 - 3*o + o**2 - o**3. Let s be u(g). Let a(f) = -f**3 - 3*f**2 + 2*f - 1. Determine a(s).
7
Suppose 2*d = 19 + 15. Suppose h - c = 4, 4*h - d = 6*c - c. Suppose 8*a = 3*a - h*r + 5, -a + 3*r + 1 = 0. Let t(q) = q**2. Calculate t(a).
1
Let j(b) = -b**3 + 2*b**2 - 1. Let x = -1034 - -1037. What is j(x)?
-10
Let u be (25/(-5) + 4)*-4. Suppose -4 - u = q. Let x(a) = a**3 + 9*a**2 + 7*a - 1. Calculate x(q).
7
Let a(i) = -2*i**2 + 5*i - 1. Let f = -23 - -16. Let q(t) = 5*t**2 - 9*t + 2. Let v(r) = f*a(r) - 3*q(r). Calculate v(-6).
13
Let u(d) be the third derivative of d**4/6 - d**3/3 - 3*d**2 + 4*d. Determine u(2).
6
Let l(v) = -v**3 - 10*v**2 + 7*v - 4. Let k(h) = h**3 - 11*h - 1. Let c be k(-3). Let g(u) = -u**2. Let i(w) = c*g(w) - l(w). Calculate i(-6).
10
Let q be (1 - 1) + 1 + 0. Let g(k) = 2*k - 2 + q - 3*k + 5. Let x be (-7 - (3 - 4 - 3)) + 6. Determine g(x).
1
Let z(d) be the second derivative of 0*d**2 + 1/6*d**3 - 28*d + 0 + 1/12*d**4. What is z(-3)?
6
Let n = -12 - -19. Suppose -n*k + 3*k + 6 = -2*y, -y = -3*k + 7. Let j(z) = z + 7. Determine j(y).
12
Suppose 4*r + 3*j - 105 = 0, -3*r = 2*r + j - 123. Let t = -28 + r. Let h(k) = -k. Calculate h(t).
4
Let j(v) = v**3 + 4*v**2 - 2*v + 6. Suppose -i + 20 = -0*i. Suppose 0 = -4*c - u - i, 2*u - 5 = c - 2*u. Determine j(c).
-9
Suppose -3*p = -4*p - 5, 3*a + p + 50 = 0. Let o be (a/5 + 1)/(-1). Let n(m) = 1. Let k(l) = 5*l - 2. Let x(q) = -k(q) - 2*n(q). Calculate x(o).
-10
Let f(u) = 9*u - 110. Let b be (-3)/(27/(-30))*(-162)/(-45). What is f(b)?
-2
Suppose 0 = -5*y - 2*k + 13, y - 4*k - 5 - 2 = 0. Let a(w) = -4*w - 2. What is a(y)?
-14
Let y(u) be the first derivative of -7*u**3/3 - u**2/2 - u - 54. Let x = 18 - 19. Determine y(x).
-7
Suppose 5*i = 5*c - 33 - 7, -5*i - 5 = 0. Let g(x) = -2*x + 15*x + x**2 + c - 5*x. Give g(-7).
0
Suppose -3*i + 1 = 2*l - 9, -i = 3*l - 8. Let d(g) be the third derivative of -g**5/60 + g**3/6 + 69*g**2. What is d(i)?
-3
Let z(m) be the first derivative of -m**2 + 8*m - 12. Let g(k) = -1. Let x(q) = 4*g(q) + z(q). Determine x(5).
-6
Suppose 0*i = -7*i - 14. Let n(o) be the second derivative of o**4/12 - o**3/6 - o**2/2 + o. Let s(v) = v**2 - 6*v - 6. Let x(b) = -3*n(b) + s(b). Give x(i).
-5
Let r(i) = -i**2 - 6*i + 4. Let j be r(-5). Let w = -5 + j. Let k(p) be the second derivative of -p**4/12 + p**3/2 + 2*p**2 + 3*p. What is k(w)?
0
Let h(k) = -k + 14. Let a be h(12). Suppose 7 = -5*x + 2, -a*m - 4*x = 16. Let w be (-6 - m)/(-2*1). Let v(q) = q + 1. Give v(w).
1
Suppose 3*q - 4*p = -2*p + 17, -3*p = -2*q + 13. Let k be (-4 + 45/10)/(6/12). Let f(o) = 3 + k - o - q + 5. Give f(-3).
7
Let o(j) = 16*j**2 - j + 1. Let c(i) = -31*i**2 - 2*i. Let f(y) = -c(y) - 2*o(y). Let l be (-1)/(1/(-5))*1. Determine f(l).
-7
Suppose -4*w - 12 = -24. Let j(d) = 6*d - 11*d**2 + 6*d**2 + 0*d + 6*d**2 - w. Give j(-5).
-8
Let y(w) = 2*w**2 - 11. Suppose -5*h + 0*h + 10 = 0. Let q(t) = t - 5*t**2 - 1 + 0 + 4*t**h + 0*t**2. Let n(j) = -q(j) - y(j). Give n(0).
12
Let b(d) = d**2 + d - 3. Suppose 5*c - 21 + 1 = 0. Suppose 0*p = -c*p - 12. Calculate b(p).
3
Let l = -6 - -11. Let k(g) be the first derivative of 7 - g + 1/2*g**2. What is k(l)?
4
Let i(a) = a**3 - 2. Let v be i(2). Let x(n) = -2*n + 6. What is x(v)?
-6
Let n(q) = 23 + 20 - 73 - q**2 + 5*q + 24. Calculate n(4).
-2
Let q(u) = -u**2 - 8*u + 9. Let v be (-8)/(-3)*-1*(-255)/(-68). Calculate q(v).
-11
Let r(o) = -o**2 + 16*o - 11. Let d be r(17). Let i = 22 + 